be (2/(-1))/((-6)/39). Let f = -9 + i. What is the tens digit of 102/10 + ((-95)/(-25) - f)?
1
Let n = 52590 + -19799. What is the hundreds digit of n?
7
Suppose 24*z = 26*z - 4. Suppose f - 30 = -z*l, 2*l - 26 - 24 = -2*f. Suppose 0 = 7*j + f - 83. What is the units digit of j?
9
Let j(v) = -1071*v - 315. What is the thousands digit of j(-10)?
0
Suppose 12*b + 15*b = 999. Let g(j) = -j**3 + 39*j**2 - 65*j - 20. What is the tens digit of g(b)?
1
Let c = 4 - 8. Let f = 5 - c. Suppose -33 = -t + f. What is the tens digit of t?
4
Let u = 190 + -160. Suppose 2124 = 3*s + n, 5*n + u = 5*s - 3510. What is the hundreds digit of s?
7
What is the thousands digit of (4097/(-85))/((-13)/8255)?
0
What is the ten thousands digit of (9 - 5/(-5)) + 11437?
1
Let j(g) be the first derivative of 3*g**4/4 - 5*g**3/3 + g**2 + 5*g - 2. Suppose 31*m + 27 = 40*m. What is the tens digit of j(m)?
4
Let p(y) = 1452*y - 1659. What is the ten thousands digit of p(10)?
1
Let g(l) be the second derivative of l**5/20 - 2*l**4/3 - 13*l**3/3 - 3*l**2/2 - 88*l - 1. What is the thousands digit of g(15)?
1
What is the units digit of 540/(-54) + (-8 + 4 - -15337)?
3
Let t be ((-135)/(-81))/((-2)/(-2100) + 0). Suppose v - 4*v + b + 1312 = 0, -4*v + b + t = 0. What is the units digit of v?
8
Let w(p) = -p**2 - 9*p - 18. Suppose 0*n - 12 = 2*n. Let r be w(n). Suppose 280 = 5*m - r*m. What is the units digit of m?
6
Suppose 119 = o - 4*g, 78 = o + g - 26. Suppose v = -n + 343 + o, -3*n = -v + 458. What is the tens digit of v?
5
Suppose -2*c + 4*n = -4, 4 + 26 = c + 5*n. Suppose 0 = c*u - 10557 + 1757. What is the units digit of u?
0
Let d = -3275 + 11260. What is the hundreds digit of d?
9
Let l(w) = 53*w**2 - 21*w + 85. What is the units digit of l(5)?
5
What is the tens digit of (-13 - 231/21) + 1775?
5
Let z be (0 + -3 + 1)*(24 + -16). Let v = 107 + z. What is the units digit of v?
1
Suppose 5*j - 5*p = 700, -3*j = 3*p - p - 435. What is the hundreds digit of (-70)/(-7)*(j - 3)?
4
Let h = 13486 + -6587. What is the hundreds digit of h?
8
Let x(o) = 4*o - 5. Let a be x(6). Suppose -39 = -4*d - a. Suppose -36 - 134 = -d*j. What is the tens digit of j?
3
Let b = 483 - 395. Suppose -464 = -d - 3*j - b, 1589 = 4*d - 5*j. What is the hundreds digit of d?
3
Let k be (-14)/(-10*(-4)/(-8) - -3). Let y(q) = -q**2 + 8*q - 5. Let x be y(k). Suppose 607 = x*p + 151. What is the tens digit of p?
2
Suppose 2*i = 2*f - 8, -4*i = -5*i - f - 4. Let v be 3 - (18/9 - 2). What is the units digit of v*(316/(-3))/i?
9
Let o(u) = u**2 + 7*u + 8. Let j be o(-4). Let n be -5*j*2/20. Suppose -g - 3*h + n*h = -61, 0 = 4*h - 16. What is the units digit of g?
7
Let p(q) be the first derivative of 5*q**3/3 + q**2/2 - 30. Let d be p(-1). Suppose -39 = -d*u - 15. What is the units digit of u?
6
Let o(y) = -20 - 28*y + 22*y - 20. Let f be o(-7). Suppose -d = f*d - 180. What is the units digit of d?
0
Let t be (5 - 4)/((-72)/(-73) - 1). Let i = -6 - t. Let n = 10 + i. What is the tens digit of n?
7
Let h be 14/6*43/(1204/24). Suppose 3*v = 4*v - 115. Suppose -4*n = h*u - 450, -4*n - 2*u = -5*n + v. What is the hundreds digit of n?
1
Suppose -28*w - 28*w + 448 = 0. Let d be 74/(-4)*(-1 + -1). Let x = d + w. What is the units digit of x?
5
Let r = -566 + 604. Suppose 0 = -0*y - 4*y + 32. Suppose 338 = y*k - r. What is the tens digit of k?
4
Let w = -3135 + 2024. Let o = 93 - w. What is the units digit of o?
4
Let m(v) = 37*v - 30. Let z be m(10). Let l be -2 - (z/(-4) - -4). Let b = -4 + l. What is the tens digit of b?
7
Let j be 2/((-1 - -19)/3 - 5). Suppose x + 2*q = 952, 3*q - j*q + 4815 = 5*x. What is the units digit of x?
2
Let h be 20/(-5) + 2 + 155. Let g = 312 - h. What is the units digit of g?
9
Let p = 12295 - -629. What is the tens digit of p?
2
Suppose -2*f - 86 = 2*u, 0 = u - 3*f - 11 + 42. Let h = u + 509. What is the units digit of h?
9
Let i(g) = -1886*g - 2364. What is the tens digit of i(-8)?
2
Suppose -160*f + 9489239 = -2794761. What is the hundreds digit of f?
7
Let x(u) = -1963*u + 5311. What is the tens digit of x(-7)?
5
Suppose -3*u + 24*t - 28*t = -82224, 0 = 2*u + t - 54811. What is the hundreds digit of u?
4
Let f = -6063 - -17191. What is the tens digit of f?
2
Let u(y) = y**3 + 9*y**2 - y + 13. Suppose -2*q - 2*q + l - 38 = 0, q - 5*l = 0. Let z be u(q). Let f = 148 + z. What is the tens digit of f?
7
Let h(d) be the third derivative of -3*d**4/8 + 11*d**3/6 - 2*d**2. Let v be (14/12*2)/((-2)/6). What is the tens digit of h(v)?
7
Let j(v) = -v + 1. Let y(z) = 169*z**2 - 8*z + 5. Let k(p) = -6*j(p) + y(p). Suppose -11 = 17*d - 6*d. What is the tens digit of k(d)?
7
Suppose 0 = -0*g - 2*g + 4. Suppose 228 = -27*a + 336. Suppose g*t - a*t + 106 = 0. What is the units digit of t?
3
What is the units digit of (-441)/(-252) - (-5237)/4?
1
Suppose d = -3*y + 31769, -16 + 6 = -2*d. What is the thousands digit of y?
0
Let g(k) = -6*k**2 - 104*k - 24. Let r be g(-17). Suppose -r*h + 13120 = 6*h. What is the hundreds digit of h?
8
Suppose x - 83*p - 48316 = -80*p, 5*p - 241500 = -5*x. What is the hundreds digit of x?
3
Suppose 5*u - 44 = -3*d, -2*u = 2*d - 7*u - 71. Let q = d + -17. Suppose -q*g + 85 - 31 = 0. What is the units digit of g?
9
Let l be 84/28*7/3. Suppose l*h - 3605 - 1141 = 0. What is the tens digit of h?
7
Suppose 153732 + 65996 = 8*l + 60528. What is the thousands digit of l?
9
Suppose -2*s = m + 1, -2*m - 4 = -4*s - 10. Let p = m + 56. What is the tens digit of p?
5
Let j(t) = -18*t + 7. Let l be j(-4). Let r = -247 - -374. Let m = r - l. What is the tens digit of m?
4
Let p = -10736 + 17186. What is the units digit of p?
0
Let c(u) = u**2 + 5*u**2 - 14*u**2 + 3*u**2 + 7*u**2 + 15*u. What is the units digit of c(-20)?
0
Suppose -v - 2*g - 53 = 4, 5*v + 3*g + 299 = 0. What is the units digit of (v - -1)*33/(-11)?
0
Let l be ((-24)/(-10))/(1/(-10)). Suppose -15*y + 16*y - 3*v - 33 = 0, 38 = y + 2*v. Let d = y - l. What is the units digit of d?
0
Suppose 6*v - 41701 - 11009 = 0. What is the units digit of v?
5
Suppose -3*d = 5*r - 52276, -3*d + 56637 - 14812 = 4*r. What is the ten thousands digit of r?
1
Let d(v) = 18*v**2 + 4*v + 2. Let a = 23 + -24. What is the units digit of d(a)?
6
Suppose 2*w - 5*v - 37 = 0, w - 3*v + 3 = 4*w. Let b be (w - 3/1) + 2. Suppose -5*k + b*d + 470 = 0, 3*k - 2*k - 2*d = 90. What is the units digit of k?
8
Let s(j) = 380*j - 48. Let m(g) = g**3 + 22*g**2 - 22*g + 26. Let w be m(-23). What is the tens digit of s(w)?
9
Suppose 3*g + 5*l - 12 = 188, g + 4*l - 62 = 0. Let n = -70 + g. What is the tens digit of -2 + 4 + -2 - (-159 - n)?
5
Suppose -2*s = -2*g - 30, g + g = -5*s + 54. Suppose s = -2*r - 4*r. What is the tens digit of r/(-8) - 1809/(-12)?
5
Let v(a) = -2*a**2 - 8*a - 5. Suppose -3*n + 14*n = -44. Let i be v(n). Let p = i + 46. What is the tens digit of p?
4
Let k = -61 + 63. Suppose -4*f - 75 = 3*l, f = -f + k*l - 20. Let q = 87 + f. What is the units digit of q?
2
Let s(w) = -853*w + 5270. What is the ten thousands digit of s(-15)?
1
Let o(c) = c**3 + 26*c**2 + 8*c - 7. Let f be o(-11). Suppose 0 = 4*u + 560 - f. What is the tens digit of u?
9
Suppose 14*l = -5*w + 17*l + 50297, 0 = 3*w + 5*l - 30151. What is the hundreds digit of w?
0
Suppose -15 = -3*q - 2*z, -2*q + 299*z - 296*z = 3. Suppose -3*l - 14 = -185. Suppose -q*s + l = -54. What is the tens digit of s?
3
Let q(a) = 51*a**3 + a**2 - 2*a + 2. Let u be q(1). Let h = 111 - u. Let z = h - 16. What is the tens digit of z?
4
Suppose 9 = -3*y, 0 = -2*g - 60*y + 65*y + 12717. What is the thousands digit of g?
6
Let y = 13437 + -7842. What is the hundreds digit of y?
5
What is the units digit of (3310 - (1 - 0)) + 0 + -5 + 11?
5
Let z = -3489 + 15705. What is the units digit of z?
6
Let x(z) = -5*z**2 + 36*z + 28. Let q(d) = -d**2 - 3. Let b(l) = 6*q(l) - x(l). What is the hundreds digit of b(-25)?
2
Suppose -2*f + 21928 + 67886 = -2*i, -3*f + 134722 = -4*i. What is the ten thousands digit of f?
4
Suppose -777*b + 780*b = 24678. What is the thousands digit of b?
8
Let g = 82 + -68. Suppose g*v + 0*v - 966 = 0. Suppose 140 = 4*f + 2*j, 71 + v = 4*f - 4*j. What is the tens digit of f?
3
What is the units digit of ((-43650)/(-360))/(2/32)?
0
Suppose -3*v + 12 = 5*c, v + 4*c - 3*c = 2. What